{"id":970,"date":"2019-11-30T11:41:27","date_gmt":"2019-11-30T14:41:27","guid":{"rendered":"https:\/\/isdanza-cha.infd.edu.ar\/sitio\/?page_id=970"},"modified":"2026-02-24T01:16:58","modified_gmt":"2026-02-24T04:16:58","slug":"autogestion","status":"publish","type":"page","link":"https:\/\/isdanza-cha.infd.edu.ar\/sitio\/autogestion\/","title":{"rendered":"AUTOGESTI\u00d3N (SAE) Inscripci\u00f3n 2026"},"content":{"rendered":"\n<h4 class=\"wp-block-heading has-text-align-center\"><img decoding=\"async\" loading=\"lazy\" class=\"wp-image-1168 aligncenter\" src=\"https:\/\/isdanza-cha.infd.edu.ar\/sitio\/wp-content\/uploads\/2021\/05\/enlace.jpg\" alt=\"\" width=\"142\" height=\"145\"><\/h4>\n\n\n\n<p><strong><span style=\"color: #993300;\">Sistema de autogesti\u00f3n institucional<\/span><\/strong>&nbsp;<span style=\"color: #0000ff;\">&nbsp;\u2192<\/span> &nbsp;&nbsp;<a href=\"http:\/\/insup.com.ar\/IspeaDanzas\/\">http:\/\/insup.com.ar\/IspeaDanzas\/&nbsp;<\/a><\/p>\n\n\n\n<p class=\"has-text-align-left\"><strong><span style=\"color: #993300;\">Consultas Documentaci\u00f3n<\/span><\/strong>&nbsp;<span style=\"color: #0000ff;\">\u2193<\/span> R\u00e9gimen Acad\u00e9mico Inst. -Condiciones de cursado- R\u00e9gimen correlatividad&nbsp; &nbsp; &nbsp; &nbsp; &nbsp; &nbsp; &nbsp; &nbsp; &nbsp; &nbsp; &nbsp; &nbsp; &nbsp; &nbsp; &nbsp; &nbsp; &nbsp; &nbsp; &nbsp; &nbsp; &nbsp; &nbsp; &nbsp; &nbsp; &nbsp; &nbsp; &nbsp; &nbsp; &nbsp; &nbsp; &nbsp; &nbsp; &nbsp; &nbsp; &nbsp; &nbsp; &nbsp;<a href=\"https:\/\/isdanza-cha.infd.edu.ar\/sitio\/documentacion\/\">https:\/\/isdanza-cha.infd.edu.ar\/sitio\/documentacion\/<\/a><\/p>\n\n\n\n<hr class=\"wp-block-separator has-alpha-channel-opacity is-style-wide\"\/>\n\n\n\n<!--more INSCRIPCI\u00d3N COHORTE 2025 INFORMACI\u00d3N IMPORTANTE-->\n\n\n\n<h4 class=\"wp-block-heading has-text-align-center\">CALENDARIO ESCOLAR 2026<\/h4>\n\n\n\n<h4 class=\"wp-block-heading has-text-align-center\">OFERTA ACAD\u00c9MICA<\/h4>\n\n\n\n<ul>\n<li>Profesorado de Educaci\u00f3n Superior en Danza con Orientaci\u00f3n en Danza Cl\u00e1sica<\/li>\n\n\n\n<li>Profesorado de Educaci\u00f3n Superior en Danza con Orientaci\u00f3n en Danza Folkl\u00f3rica Argentina.<\/li>\n\n\n\n<li>Profesorado de Educaci\u00f3n Superior en Expresi\u00f3n Corporal.<\/li>\n\n\n\n<li>Profesorado de Educaci\u00f3n Superior en Teatro.<\/li>\n\n\n\n<li>Tecnicatura Superior en Danza Cl\u00e1sica y Contempor\u00e1nea.<\/li>\n\n\n\n<li>Tecnicatura Superior en Danza Folkl\u00f3ricas Argentinas y Tango.<\/li>\n\n\n\n<li>Tecnicatura Superior en Teatro<\/li>\n<\/ul>\n\n\n\n<p class=\"has-text-align-center\"><strong>INICIO DE CLASES<\/strong>: :<strong> <\/strong><\/p>\n\n\n\n<p><strong>1er Cuatrimestre:<\/strong>\u00a0<\/p>\n\n\n\n<p><strong>Receso escolar:<\/strong>\u00a0<\/p>\n\n\n\n<p><strong>2do Cuatrimestre:<\/strong>\u00a0<\/p>\n\n\n\n<h4 class=\"wp-block-heading has-text-align-center\">PEDIDO DE EQUIVALENCIAS<\/h4>\n\n\n\n<p><strong>Fecha:<\/strong>\u00a0<\/p>\n\n\n\n<p><strong>Documentaci\u00f3n a presentar:<\/strong><\/p>\n\n\n\n<ul>\n<li>Carpeta colgante completa (con broche para archivo y oreja se\u00f1aladora para escribir el nombre del alumno).<\/li>\n\n\n\n<li>Comprobante inscripci\u00f3n.<\/li>\n\n\n\n<li>Fotocopia t\u00edtulo secundario y\/o certificado de terminaci\u00f3n de estudios con la leyenda \u201cNO ADEUDA MATERIAS\u201d (en caso de adeudar hasta dos materias las mismas deber\u00e1n ser acreditadas antes del 30 junio del 2026).<\/li>\n\n\n\n<li>Fotocopia del DNI (frente y dorso).<\/li>\n\n\n\n<li>Partida de nacimiento actualizada.<\/li>\n\n\n\n<li>Certificado de domicilio actualizado.<\/li>\n\n\n\n<li>Ficha M\u00e9dica (disponible en el SISTEMA DE AUTOGESTI\u00d3N ESTUDIANTIL)&nbsp;<a href=\"https:\/\/insup.com.ar\/IspeaDanzas\/FichaMedica.pdf\">Ficha M\u00e9dica<\/a><\/li>\n\n\n\n<li>Certificado de aptitud f\u00edsica (no buena salud) otorgado por organismos de Salud p\u00fablica (hospitales\/centros de salud).<\/li>\n\n\n\n<li>2 fotos 4\u00d74 (carnet) fondo blanco o azul.<\/li>\n\n\n\n<li>Se les solicitar\u00e1 un aporte econ\u00f3mico por \u00fanica vez, en calidad de colaboraci\u00f3n.<\/li>\n<\/ul>\n\n\n\n<p><strong>NO SE RECIBIR\u00c1N CARPETAS INCOMPLETAS<\/strong><\/p>\n\n\n\n<p><strong>Mayores de 25 a\u00f1os<\/strong>&nbsp;que deseen estudiar y no hayan culminado los estudios de nivel secundario, deber\u00e1n presentar Nota solicitando ingreso a la Rectora de la instituci\u00f3n Prof. Cecilia Silgueiro y completar el formulario disponible en el SISTEMA DE AUTOGESTI\u00d3N ESTUDIANTIL&nbsp;<a href=\"https:\/\/insup.com.ar\/IspeaDanzas\/FormularioMayores25.docx\">Formulario<\/a><\/p>\n\n\n\n<p><strong>Ley Nacional de Educaci\u00f3n Superior.<\/strong><\/p>\n\n\n\n<p><strong>Art\u00edculo 7.:<\/strong>&nbsp;Para ingresar como alumno a las instituciones de Educaci\u00f3n Superior, se debe haber aprobado el nivel medio o el Ciclo Polimodal de ense\u00f1anza. Excepcionalmente, los mayores de 25 a\u00f1os que no re\u00fanan esa condici\u00f3n, podr\u00e1n ingresar siempre que demuestren, a trav\u00e9s de las evaluaciones que las provincias, la Municipalidad de la Ciudad de Buenos Aires o las Universidades en su caso establezcan, que tienen preparaci\u00f3n y\/o experiencia laboral acorde con los estudios que se proponen iniciar, as\u00ed como aptitudes y conocimiento suficientes para cursarlas satisfactoriamente.<\/p>\n\n\n\n<p><strong>La Entrega de Documentaci\u00f3n (Legajo)<\/strong>&nbsp;se realizar\u00e1 en forma presencial ,  de 8 a 12 hs para quienes cursen en el turno ma\u00f1ana, y de 16 a 20 para quienes cursen en el turno tarde.<\/p>\n\n\n\n<h3 class=\"wp-block-heading has-text-align-center\">TALLER DE INGRESO<\/h3>\n\n\n\n<p><strong>Fecha:<\/strong>\u00a0<\/p>\n\n\n\n<p>Tiene como prop\u00f3sito guiar a los ingresantes 2026 en su trayectoria formativa en la carrera elegida, acompa\u00f1amiento que ser\u00e1 sostenido durante toda la cursada de la formaci\u00f3n inicial. Este curso introductorio es obligatorio, pero no eliminatorio, debi\u00e9ndose cumplimentar con la asistencia y presentaci\u00f3n de las actividades propuestas.<\/p>\n\n\n\n<p><strong>Horarios:<\/strong>&nbsp;Acorde al turno elegido para cursar durante el a\u00f1o.<\/p>\n\n\n\n<ul>\n<li>Turno Ma\u00f1ana: 8:00 a 12:00 hs<\/li>\n\n\n\n<li>Turno Tarde: 17:00 a 21:00 hs<\/li>\n<\/ul>\n\n\n\n<h4 class=\"wp-block-heading has-text-align-center\">INFORMACI\u00d3N IMPORTANTE PARA ALUMNOS DE 2do A 5to A\u00d1O<\/h4>\n\n\n\n<ul>\n<li><strong>Inscripci\u00f3n Mesas de ex\u00e1menes<\/strong> Marzo  en forma presencial.<br>El  solo en turno ma\u00f1ana de 11 a 13.<\/li>\n\n\n\n<li><strong>Mesas de ex\u00e1menes Marzo 202<\/strong>6<\/li>\n<\/ul>\n\n\n\n<p><strong>INSCRIPCIONES ALUMNOS <\/strong><\/p>\n\n\n\n<p><strong>INSCRIPCIONES ALUMNOS 1\u00b0 A\u00d1O<\/strong>-Presentaci\u00f3n de legajos: (en forma presencial).<\/p>\n\n\n\n<p><br><strong>INSCRIPCIONES ALUMNOS 2\u00b0 A 5\u00b0 A\u00d1O<\/strong>: 27\/03 &#8211; 28\/03 y 03\/04\/2025 (en forma presencial)<\/p>\n\n\n\n<p id=\"parrafo1\">INSTITUTO SUPERIOR DEL PROFESORADO DE ENSE\u00d1ANZA ARTISTICA DANZA y TEATRO en RESISTENCIA -Chaco &#8211; Av. Castelli 62 &#8211; <strong>tel\u00e9fonos<\/strong> 0362 &#8211; 4572467<br><strong>Correos Electr\u00f3nicos:<\/strong><br><strong>Para alumnos e interesados<\/strong>: inscripcionesispeadyt2020@gmail.com<br><strong>Para docentes del instituto:<\/strong> ispeadanza@yahoo.com.ar<\/p>\n","protected":false},"excerpt":{"rendered":"<p>Sistema de autogesti\u00f3n institucional&nbsp;&nbsp;\u2192 &nbsp;&nbsp;http:\/\/insup.com.ar\/IspeaDanzas\/&nbsp; Consultas Documentaci\u00f3n&nbsp;\u2193 R\u00e9gimen Acad\u00e9mico Inst. -Condiciones de cursado- R\u00e9gimen correlatividad&nbsp; &nbsp; &nbsp; &nbsp; &nbsp; &nbsp; &nbsp; &nbsp; &nbsp; &nbsp; &nbsp; &nbsp; &nbsp; &nbsp; &nbsp; &nbsp; &nbsp; &nbsp; &nbsp; &nbsp; &nbsp; &nbsp; &nbsp; &nbsp; &nbsp; &nbsp; &nbsp; &nbsp; &nbsp; &nbsp; &nbsp; &nbsp; &nbsp; &nbsp; &nbsp; &nbsp; &nbsp;https:\/\/isdanza-cha.infd.edu.ar\/sitio\/documentacion\/<\/p>\n","protected":false},"author":133,"featured_media":0,"parent":0,"menu_order":0,"comment_status":"closed","ping_status":"closed","template":"","meta":[],"acf":[],"_links":{"self":[{"href":"https:\/\/isdanza-cha.infd.edu.ar\/sitio\/wp-json\/wp\/v2\/pages\/970"}],"collection":[{"href":"https:\/\/isdanza-cha.infd.edu.ar\/sitio\/wp-json\/wp\/v2\/pages"}],"about":[{"href":"https:\/\/isdanza-cha.infd.edu.ar\/sitio\/wp-json\/wp\/v2\/types\/page"}],"author":[{"embeddable":true,"href":"https:\/\/isdanza-cha.infd.edu.ar\/sitio\/wp-json\/wp\/v2\/users\/133"}],"replies":[{"embeddable":true,"href":"https:\/\/isdanza-cha.infd.edu.ar\/sitio\/wp-json\/wp\/v2\/comments?post=970"}],"version-history":[{"count":41,"href":"https:\/\/isdanza-cha.infd.edu.ar\/sitio\/wp-json\/wp\/v2\/pages\/970\/revisions"}],"predecessor-version":[{"id":1946,"href":"https:\/\/isdanza-cha.infd.edu.ar\/sitio\/wp-json\/wp\/v2\/pages\/970\/revisions\/1946"}],"wp:attachment":[{"href":"https:\/\/isdanza-cha.infd.edu.ar\/sitio\/wp-json\/wp\/v2\/media?parent=970"}],"curies":[{"name":"wp","href":"https:\/\/api.w.org\/{rel}","templated":true}]}}