{"id":950,"date":"2019-11-30T10:27:21","date_gmt":"2019-11-30T13:27:21","guid":{"rendered":"https:\/\/isdanza-cha.infd.edu.ar\/sitio\/?page_id=950"},"modified":"2022-08-05T12:30:11","modified_gmt":"2022-08-05T15:30:11","slug":"documentacion","status":"publish","type":"page","link":"https:\/\/isdanza-cha.infd.edu.ar\/sitio\/documentacion\/","title":{"rendered":"DOCUMENTACI\u00d3N"},"content":{"rendered":"\n<p>El funcionamiento del ISPEA Danza y Teatro,&nbsp; requiere soportes normativos para su institucionalidad, sus pol\u00edticas y sus actores, en un contexto que plantea adem\u00e1s, el desaf\u00edo de articular&nbsp; con diversas caracter\u00edsticas y necesidades. Este espacio da cuenta de normativas para la formaci\u00f3n Inicial y formaci\u00f3n en servicio.<\/p>\n\n\n\n<figure class=\"wp-block-image size-large is-resized\"><img decoding=\"async\" loading=\"lazy\" src=\"https:\/\/1.bp.blogspot.com\/-Z0wVCoYsfwI\/YSOgJOuV0vI\/AAAAAAAAAVk\/NyQQplTtAa4BayALP5x_ELwGWYMUP6oWgCLcBGAsYHQ\/s752\/LOGO%2BDIRECCION%2BDE%2BCURRICULO.jpg\" alt=\"\" width=\"138\" height=\"59\"\/><figcaption><strong> <\/strong>Acceso a dise\u00f1os curriculares y planes de estudios por profesorados<br><a href=\"https:\/\/drive.google.com\/drive\/folders\/14nwSzgek642DL0lCV90BE0JfhNkMTEhL?usp=sharing\">Dise\u00f1os curriculares y planes de estudios<\/a><br><br>Acceso a Resoluciones de Implementaci\u00f3n<br><a href=\"https:\/\/drive.google.com\/drive\/folders\/1lQW9WQV5McsMQLxMHSqoyOUkiYUI7KKm?usp=sharing\">Resoluciones de Implementaci\u00f3n<\/a><br><br>Acceso a Dise\u00f1os Curriculares de los Niveles Obligatorios y Modalidades<br><a href=\"https:\/\/drive.google.com\/drive\/folders\/1Zc6b1pqNg7kOubN5CQhR8KI1Aol4nSK7?usp=sharing\">Dise\u00f1os Curriculares de los Niveles Obligatorios y Modalidades<\/a><br><br>Acceso a planes de estudios por tecnicaturas<br><a href=\"https:\/\/drive.google.com\/drive\/folders\/1URVmDYn5bXs-9JRxr1E1pjwatoQ5wTD-?usp=sharing\">Planes de estudios por tecnicaturas<\/a><br><br>Acceso a planes de estudios tecnicaturas de salud<br><a href=\"https:\/\/drive.google.com\/drive\/folders\/1Qxh_6sfw7Lmykdw9KzvCetJ58v2K-Y5N?usp=sharing\">Planes de estuido Tecnicaturas de Salud<\/a><br><br>Acceso a Tecnicaturas con Curr\u00edculo en Proceso de Resoluci\u00f3n<br><a href=\"https:\/\/drive.google.com\/drive\/folders\/1-0EIjp1qY3B479V38Cs32R0kGk9e8Z_P?usp=sharing\">Tecnicatura Superior en Maquinarias Agropecuarias &#8211; N\u00ba Act. E29-2021- 97673-A.<\/a><br><a href=\"https:\/\/drive.google.com\/drive\/folders\/1CpEsyq3l45Du6X1QvDugBrymCf7MIve8?usp=sharing\">Tecnicatura Superior en Gesti\u00f3n Ambiental &#8211; N\u00ba Act. E29-2021-97674-A<\/a><br><a href=\"https:\/\/drive.google.com\/drive\/folders\/10tJhBb5jdZ04vE_RuUat-t4N5dH1XOoW?usp=sharing\">Tecnicatura Superior en An\u00e1lisis, Desarrollo y Programaci\u00f3n de Sistemas Inform\u00e1ticos &#8211; N\u00ba Act. E29-2021-53555-A<\/a><br><a href=\"https:\/\/docs.google.com\/document\/d\/1lxyeawTPzVl2vv9oC5kbXSuoVONuQ7X-\/edit?usp=sharing&amp;ouid=118082171370056099757&amp;rtpof=true&amp;sd=true\">Tecnicatura Superior en Seguridad Vial y Transporte &#8211; N\u00ba Act. E29 &#8211; 2021 &#8211; 98733 &#8211; A<\/a><br><a href=\"https:\/\/drive.google.com\/file\/d\/10KdfNsBBg_3XJPb2uF_NSSAFg-Sr2ygQ\/view?usp=sharing\">Tecnicatura Superior en Dise\u00f1o Gr\u00e1fico y Digital- N\u00b0 Act. E29-2021-94977-A<\/a><br><br>Mapa con Institutos y profesorados de la provincia del Chaco<br><a href=\"https:\/\/maphub.net\/Miguel93\/profesorados-cohorte-2021\">Mapa con profesorados de la Provincia del Chaco<\/a><br><br>Mapa con Institutos y Tecnicaturas de la provincia del Chaco<br><a href=\"https:\/\/maphub.net\/Miguel93\/tecnicatura-por-localidades\">Mapa con tecnicaturas de la Provincia del Chaco<\/a><br><br>Mapa con Institutos y profesorados de la provincia del Chaco &#8211; Cohorte 2020<br><a href=\"https:\/\/maphub.net\/Miguel93\/profesorados-corte-2020\">Cohorte 2020<\/a><br><br>Mapa de institutos de profesorados y tecnicaturas a nivel nacional<br><a href=\"https:\/\/mapa.infd.edu.ar\/\">Institutos de profesorados y tecnicaturas a nivel nacional<\/a><br><br>Lineamientos Federales para el Planeamiento y Organizaci\u00f3n Institucional del Sistema Formador<br><a href=\"https:\/\/drive.google.com\/file\/d\/1elUJDH7gbc8vSR6ozAE6IhrU8p5WrQG7\/view?usp=sharing\">Resoluci\u00f3n CFE N\u00b0 140\/11<\/a><br><br>Acceso a Marcos de Referencia (INET)<br><a href=\"https:\/\/drive.google.com\/drive\/folders\/19rXY6Z-2jdJ6YOFLAQQfRQzLKE5VTXzK?usp=sharing\">Marcos de Referencia<\/a><br><br>Planes de Mejora INET &#8211; Su aplicaci\u00f3n responsable por Chaco Referente T\u00e9cnico Pol\u00edtico<br><a href=\"https:\/\/drive.google.com\/file\/d\/1JXicBo74UjqSvRgi0hM-7g0KaiY95zXU\/view?usp=sharing\">Ley de Educaci\u00f3n T\u00e9cnico Profesional<\/a><br><a href=\"https:\/\/drive.google.com\/file\/d\/1mIZZDeSjV3W7nQoM7ZvoD-GmgukLkN-R\/view?usp=sharing\">Resoluci\u00f3n CFE N\u00b0 279\/16<\/a><br><a href=\"https:\/\/drive.google.com\/file\/d\/1s1MNTQyFRj9ufYXf5CWRENjneySG_-rR\/view?usp=sharing\">Resoluci\u00f3n CFE N\u00ba 283\/16<\/a><br><a href=\"https:\/\/drive.google.com\/drive\/folders\/1XMArODFI2MHj9uInMhAGduFuM8LctSLi?usp=sharing\">Resoluci\u00f3n 701\/16 y Anexo<\/a><br><a href=\"https:\/\/drive.google.com\/file\/d\/1a3mtW0r9zbuBDkOBokI3kBOM4XcigU4I\/view?usp=sharing\">Ley para la Implementaci\u00f3n de la Educaci\u00f3n Ambiental Integral en la Rep\u00fablica Argentina<\/a><br><br>DOCUMENTOS A CONSIDERAR<br><a href=\"https:\/\/drive.google.com\/drive\/folders\/1PW9nJoggDroXPYwJySe-ltz6twf8b71n?usp=sharing\">Documentos a considerar para Dise\u00f1os Curriculares de Profesorados<\/a><br><a href=\"https:\/\/drive.google.com\/drive\/folders\/1x2aN_td6zfacSPPHlMQSvbz0Syk9dr5F?usp=sharing\">Documentos a considerar para Dise\u00f1os Curriculares de Tecnicaturas<\/a><br><br>Ley N\u00b0 3405-E Educaci\u00f3n Digital<br><a href=\"https:\/\/drive.google.com\/drive\/folders\/1_ZqIKRi7cUhIHpHBtGPfoW7R4bjB6Zg3?usp=sharing\">Ley de Educaci\u00f3n Digital<\/a><br><br>Bibliograf\u00eda para pensar en la actualizaci\u00f3n curricular<br><a href=\"https:\/\/drive.google.com\/drive\/folders\/15GNZnzsZNF2noIa_qu8CKfFWUAILQXTv?usp=sharing\">Bibliograf\u00eda<\/a><br><br>Redes Sociales<br><a href=\"https:\/\/www.instagram.com\/direccion_de_curriculo_chaco\/\">Nuestro Instagram<\/a><br><a href=\"https:\/\/www.youtube.com\/channel\/UCyMAP0pgeDkg05NCvSkKD6A\/featured\">Nuestro canal de YouTube<\/a><\/figcaption><\/figure>\n\n\n\n<p><a href=\"https:\/\/direcciondecurriculochaco.blogspot.com\/\">https:\/\/direcciondecurriculochaco.blogspot.com\/<\/a><\/p>\n\n\n\n<h3 class=\"wp-block-heading\"><strong><span style=\"color: #0000ff;\">FORMACI\u00d3N INICIAL<\/span><\/strong><\/h3>\n\n\n\n<div class=\"wp-block-image\"><figure class=\"aligncenter\"><img decoding=\"async\" loading=\"lazy\" width=\"478\" height=\"121\" src=\"https:\/\/isdanza-cha.infd.edu.ar\/sitio\/wp-content\/uploads\/2021\/05\/PROFES.jpg\" alt=\"\" class=\"wp-image-1184\"\/><\/figure><\/div>\n\n\n\n<p><strong>MODALIDAD DE CURSADO<\/strong><\/p>\n\n\n\n<ul><li><a href=\"https:\/\/isdanza-cha.infd.edu.ar\/sitio\/wp-content\/uploads\/2021\/05\/Modalidad-Cursados-Prof-Expresi\u00f3n-Corporal.pdf\">Prof Expresi\u00f3n Corporal<\/a><\/li><li><a href=\"https:\/\/isdanza-cha.infd.edu.ar\/sitio\/wp-content\/uploads\/2021\/05\/Modalidad-Cursado-Prof.-Teatro.pdf\">Prof. Teatro<\/a><\/li><li><a href=\"https:\/\/isdanza-cha.infd.edu.ar\/sitio\/wp-content\/uploads\/2021\/05\/Modalidad-Cursado-Prof-Danza-Folkl\u00f3rica-Argentina1.pdf\">&nbsp;Prof Danza Folkl\u00f3rica Argentina1<\/a><\/li><li><a href=\"https:\/\/isdanza-cha.infd.edu.ar\/sitio\/wp-content\/uploads\/2021\/05\/Modalidad-Cursado-Prof-Danza-Cl\u00e1sica1.pdf\">Prof Danza Cl\u00e1sica1<\/a><\/li><\/ul>\n\n\n\n<p><strong>REGIMEN DE CORRELATIVIDAD<\/strong><\/p>\n\n\n\n<ul><li><a href=\"https:\/\/isdanza-cha.infd.edu.ar\/sitio\/wp-content\/uploads\/2021\/05\/Correlativas-Profesorado-de-Danza-Cl\u00e1sica.pdf\">Correlativas Profesorado de Danza Cl\u00e1sica<\/a><\/li><li><a href=\"https:\/\/isdanza-cha.infd.edu.ar\/sitio\/wp-content\/uploads\/2021\/05\/Correlativas-Profesorado-de-Danzas-Folkloricas.pdf\">Correlativas-Profesorado-de-Danzas-Folkloricas<\/a><\/li><li><a href=\"https:\/\/isdanza-cha.infd.edu.ar\/sitio\/wp-content\/uploads\/2021\/05\/Correlativas-Profesorado-de-Expresion-Corporal.pdf\">Correlativas-Profesorado-de-Expresion-Corporal<\/a><\/li><li><a href=\"https:\/\/isdanza-cha.infd.edu.ar\/sitio\/wp-content\/uploads\/2021\/05\/Correlatividades-Profesorado-de-Teatro.pdf\">Correlatividades-Profesorado-de-Teatro<\/a><\/li><\/ul>\n\n\n\n<hr class=\"wp-block-separator\"\/>\n\n\n\n<div class=\"wp-block-image\"><figure class=\"aligncenter\"><img decoding=\"async\" loading=\"lazy\" width=\"361\" height=\"93\" src=\"https:\/\/isdanza-cha.infd.edu.ar\/sitio\/wp-content\/uploads\/2021\/05\/tecn.jpg\" alt=\"\" class=\"wp-image-1185\"\/><\/figure><\/div>\n\n\n\n<p><strong>REGIMEN CORRELATIVIDADE y PORCENTAJES PARA CURSADO<\/strong><\/p>\n\n\n\n<p><a href=\"https:\/\/isdanza-cha.infd.edu.ar\/sitio\/wp-content\/uploads\/2021\/05\/Porcentajes-y-Correlativas-Tecnicaturas-Superiores.docx\">Porcentajes y Correlativas Tecnicaturas Superiores<\/a><\/p>\n\n\n\n<hr class=\"wp-block-separator\"\/>\n\n\n\n<h3 class=\"wp-block-heading\"><span style=\"color: #0000ff;\"><strong>FORMACI\u00d3N CONTIN\u00daA&nbsp;<\/strong><\/span><\/h3>\n\n\n\n<p><a href=\"https:\/\/isdanza-cha.infd.edu.ar\/sitio\/wp-content\/uploads\/2020\/05\/NAP-CICLO-ORIENTADO-ARTISTICA.pdf\">NAP CICLO ORIENTADO ARTISTICA<\/a><\/p>\n\n\n\n<p><a href=\"https:\/\/isdanza-cha.infd.edu.ar\/sitio\/wp-content\/uploads\/2020\/05\/dossier_educaci_d3n_art_c.pdf\">Dossier_Educaci\u00f3n Art\u00edstica_d3n_art_c<\/a><\/p>\n\n\n\n<ul><li>\n<h4><strong>POSTITULOS<\/strong><\/h4>\n<\/li><\/ul>\n\n\n\n<p><a href=\"https:\/\/isdanza-cha.infd.edu.ar\/sitio\/wp-content\/uploads\/2020\/05\/Res.919Posti\u0301tulos-2020-.pdf\">Res.919Posti\u0301tulos 2020-<\/a>&nbsp;RESOLUCI\u00d3N MECCYT&nbsp; POSTITULOS<\/p>\n\n\n\n<p><a href=\"https:\/\/isdanza-cha.infd.edu.ar\/sitio\/wp-content\/uploads\/2020\/05\/Lineamientos-pedagogicos-politicos-para-la-formacio\u0301n-conti\u0301nua-Niveles-Modalidades-Ejes-Transv-SUBSEEDUCAC-convertido-2-1.pdf\">Lineamientos pedagogicos politicos para la formacio\u0301n conti\u0301nua- Niveles Modalidades Ejes Transv SUBSEEDUCAC-convertido (2) (1)<\/a><\/p>\n\n\n\n<ul><li><a href=\"https:\/\/drive.google.com\/file\/d\/1XdwChsCGTq_821yMq30KiwA9I0EYLKts\/view?usp=sharing\" target=\"_blank\" rel=\"noopener\"><strong>Resoluci\u00f3n N\u00b0 5630\/15<\/strong><\/a>&nbsp;\u2013 Aprobaci\u00f3n del formato para la elaboraci\u00f3n de los certificados.<\/li><li><strong><a href=\"https:\/\/drive.google.com\/file\/d\/1z-PDfmcUqIfUIaRpJ2V7ASThSPycJedj\/view?usp=sharing\" target=\"_blank\" rel=\"noopener\">Resoluci\u00f3n N\u00b0 117\/10 CFE<\/a><\/strong>&nbsp;\u2013 Marco Regulatorio Post\u00edtulos.<\/li><li><a href=\"https:\/\/drive.google.com\/file\/d\/1wPmqg3Kf0-lwDudb0mC2WyXx66HI5Te7\/view?usp=sharing\" target=\"_blank\" rel=\"noopener\"><strong>Resoluci\u00f3n N\u00b0 117\/10 CFE (Anexo)<\/strong><\/a>.<br><hr><\/li><\/ul>\n\n\n\n<header class=\"entry-header\"><\/header>\n\n\n\n<div class=\"entry-content\">\n<ul>\n<li><span style=\"color: #000000;\"><strong>PARA LA ORGANIZACI\u00d3N INSTITUCIONAL<\/strong><\/span><\/li>\n<\/ul>\n<div class=\"wp-show-posts-entry-summary\">\n<p>Institucionalidad y Funciones de la Formaci\u00f3n Docente. Planificaci\u00f3n y articulaci\u00f3n del Sistema Formador<\/p>\n<p><a href=\"https:\/\/isdanza-cha.infd.edu.ar\/sitio\/wp-content\/uploads\/2020\/03\/30-07-Institucionalidad-y-Funciones-d-Docente.-Planificaci\u00f3n-y-articulaci\u00f3n-del-Sistema-Formador.pdf\">30 07 Institucionalidad y Funciones d Docente. Planificaci\u00f3n y articulaci\u00f3n del Sistema Formador<\/a><\/p>\n<p>Reglamento Org\u00e1nico Institucional \u2013 R.O.I \u2013 y el R\u00e9gimen Acad\u00e9mico Institucional &#8211; R.A.I &#8211;<\/p>\n<p><a href=\"https:\/\/isdanza-cha.infd.edu.ar\/sitio\/wp-content\/uploads\/2021\/09\/RESOLUCION-N-6347-18-RAI-ROI.pdf\">I.S.P.E.A Danza R.O.I-R.A.I-<\/a><\/p>\n<\/div>\n<\/div>\n\n\n\n<ul><li><span style=\"color: #000000;\"><strong>PARA LAS POL\u00cdTICAS DE FORMACI\u00d3N DOCENTE<\/strong><\/span><\/li><\/ul>\n\n\n\n<p>PLAN ESTRAT\u00c9GICO NACIONAL 2016-2021 \u201cARGENTINA ENSE\u00d1A Y APRENDE\u201d<\/p>\n\n\n\n<p><a href=\"https:\/\/isdanza-cha.infd.edu.ar\/sitio\/wp-content\/uploads\/2020\/03\/RESCFE_286_16_PNFD_Anexo.pdf\">RES CFE_286_16_PNFD_Anexo<\/a><\/p>\n\n\n\n<p><\/p>\n","protected":false},"excerpt":{"rendered":"<p>El funcionamiento del ISPEA Danza y Teatro,&nbsp; requiere soportes normativos para su institucionalidad, sus pol\u00edticas y sus actores, en un contexto que plantea adem\u00e1s, el desaf\u00edo de articular&nbsp; con diversas caracter\u00edsticas y necesidades. Este espacio da cuenta de normativas para la formaci\u00f3n Inicial y formaci\u00f3n en servicio. https:\/\/direcciondecurriculochaco.blogspot.com\/ FORMACI\u00d3N INICIAL MODALIDAD DE CURSADO Prof Expresi\u00f3n &#8230; <a title=\"DOCUMENTACI\u00d3N\" class=\"read-more\" href=\"https:\/\/isdanza-cha.infd.edu.ar\/sitio\/documentacion\/\" aria-label=\"More on DOCUMENTACI\u00d3N\">[+]<\/a><\/p>\n","protected":false},"author":133,"featured_media":0,"parent":0,"menu_order":0,"comment_status":"closed","ping_status":"closed","template":"","meta":[],"acf":[],"_links":{"self":[{"href":"https:\/\/isdanza-cha.infd.edu.ar\/sitio\/wp-json\/wp\/v2\/pages\/950"}],"collection":[{"href":"https:\/\/isdanza-cha.infd.edu.ar\/sitio\/wp-json\/wp\/v2\/pages"}],"about":[{"href":"https:\/\/isdanza-cha.infd.edu.ar\/sitio\/wp-json\/wp\/v2\/types\/page"}],"author":[{"embeddable":true,"href":"https:\/\/isdanza-cha.infd.edu.ar\/sitio\/wp-json\/wp\/v2\/users\/133"}],"replies":[{"embeddable":true,"href":"https:\/\/isdanza-cha.infd.edu.ar\/sitio\/wp-json\/wp\/v2\/comments?post=950"}],"version-history":[{"count":33,"href":"https:\/\/isdanza-cha.infd.edu.ar\/sitio\/wp-json\/wp\/v2\/pages\/950\/revisions"}],"predecessor-version":[{"id":1446,"href":"https:\/\/isdanza-cha.infd.edu.ar\/sitio\/wp-json\/wp\/v2\/pages\/950\/revisions\/1446"}],"wp:attachment":[{"href":"https:\/\/isdanza-cha.infd.edu.ar\/sitio\/wp-json\/wp\/v2\/media?parent=950"}],"curies":[{"name":"wp","href":"https:\/\/api.w.org\/{rel}","templated":true}]}}