{"id":1864,"date":"2025-03-22T09:46:34","date_gmt":"2025-03-22T12:46:34","guid":{"rendered":"https:\/\/isdanza-cha.infd.edu.ar\/sitio\/?page_id=1864"},"modified":"2025-03-26T15:09:33","modified_gmt":"2025-03-26T18:09:33","slug":"equipo-directivo-y-de-gestion","status":"publish","type":"page","link":"https:\/\/isdanza-cha.infd.edu.ar\/sitio\/equipo-directivo-y-de-gestion\/","title":{"rendered":"EQUIPO DIRECTIVO y de GESTI\u00d3N"},"content":{"rendered":"\n<hr class=\"wp-block-separator has-alpha-channel-opacity\"\/>\n\n\n\n<div class=\"wp-block-group has-base-3-background-color has-background is-layout-constrained\"><div class=\"wp-block-group__inner-container\">\n<p style=\"font-size:22px\"><strong>RECTORA<\/strong>   <\/p>\n\n\n\n<p class=\"has-contrast-color has-text-color has-medium-font-size\">*Licenciada Prof. Cecilia SILGUEIRO<\/p>\n\n\n\n<p><\/p>\n\n\n\n<p class=\"has-medium-font-size\"><strong>SECRETARIA NIVEL SUPERIOR<\/strong><\/p>\n\n\n\n<p>* Profesora Silvana ROJAS<\/p>\n\n\n\n<p class=\"has-medium-font-size\"><strong>DIRECTORA DE ESTUDIOS<\/strong> <strong>NIVEL SUPERIOR<\/strong><\/p>\n\n\n\n<p class=\"has-medium-font-size\">                                          <strong> DANZAS  y EXPRESI\u00d3N CORPORAL <\/strong><\/p>\n\n\n\n<p>                        *Licenciada Prof. Ana Rosal\u00eda FERNANDEZ <\/p>\n\n\n\n<p class=\"has-medium-font-size\"><strong>                                          TEATRO<\/strong><\/p>\n\n\n\n<p>                         *Profesora Rosa MELGAREJO<\/p>\n<\/div><\/div>\n\n\n\n<hr class=\"wp-block-separator has-alpha-channel-opacity\"\/>\n\n\n\n<p class=\"has-text-align-center has-medium-font-size\" style=\"text-decoration:underline\"> NIVEL B\u00c1SICO<\/p>\n\n\n\n<hr class=\"wp-block-separator has-alpha-channel-opacity\"\/>\n\n\n\n<p><strong>VICEDIRECTOR<\/strong>A<\/p>\n\n\n\n<p>*Licenciada Prof. Ana Mar\u00eda CASSIET<\/p>\n\n\n\n<p><strong>SECRETARIA NIVEL B\u00c1SICO<\/strong><\/p>\n\n\n\n<p>*Profesora Rita ARANDA<\/p>\n\n\n\n<p><strong>ASESORA PEDAG\u00d3GICA<\/strong><\/p>\n\n\n\n<p>-Profesora Patricia FALCON<\/p>\n\n\n\n<p><\/p>\n","protected":false},"excerpt":{"rendered":"<p>RECTORA *Licenciada Prof. Cecilia SILGUEIRO SECRETARIA NIVEL SUPERIOR * Profesora Silvana ROJAS DIRECTORA DE ESTUDIOS NIVEL SUPERIOR DANZAS y EXPRESI\u00d3N CORPORAL *Licenciada Prof. Ana Rosal\u00eda FERNANDEZ TEATRO *Profesora Rosa MELGAREJO NIVEL B\u00c1SICO VICEDIRECTORA *Licenciada Prof. Ana Mar\u00eda CASSIET SECRETARIA NIVEL B\u00c1SICO *Profesora Rita ARANDA ASESORA PEDAG\u00d3GICA -Profesora Patricia FALCON<\/p>\n","protected":false},"author":133,"featured_media":0,"parent":0,"menu_order":0,"comment_status":"closed","ping_status":"closed","template":"","meta":[],"acf":[],"_links":{"self":[{"href":"https:\/\/isdanza-cha.infd.edu.ar\/sitio\/wp-json\/wp\/v2\/pages\/1864"}],"collection":[{"href":"https:\/\/isdanza-cha.infd.edu.ar\/sitio\/wp-json\/wp\/v2\/pages"}],"about":[{"href":"https:\/\/isdanza-cha.infd.edu.ar\/sitio\/wp-json\/wp\/v2\/types\/page"}],"author":[{"embeddable":true,"href":"https:\/\/isdanza-cha.infd.edu.ar\/sitio\/wp-json\/wp\/v2\/users\/133"}],"replies":[{"embeddable":true,"href":"https:\/\/isdanza-cha.infd.edu.ar\/sitio\/wp-json\/wp\/v2\/comments?post=1864"}],"version-history":[{"count":6,"href":"https:\/\/isdanza-cha.infd.edu.ar\/sitio\/wp-json\/wp\/v2\/pages\/1864\/revisions"}],"predecessor-version":[{"id":1889,"href":"https:\/\/isdanza-cha.infd.edu.ar\/sitio\/wp-json\/wp\/v2\/pages\/1864\/revisions\/1889"}],"wp:attachment":[{"href":"https:\/\/isdanza-cha.infd.edu.ar\/sitio\/wp-json\/wp\/v2\/media?parent=1864"}],"curies":[{"name":"wp","href":"https:\/\/api.w.org\/{rel}","templated":true}]}}

EQUIPO DIRECTIVO y de GESTIÓN

<hr class="wp-block-separator has-alpha-channel-opacity"/>



<div class="wp-block-group has-base-3-background-color has-background is-layout-constrained"><div class="wp-block-group__inner-container">
<p style="font-size:22px"><strong>RECTORA</strong>   </p>



<p class="has-contrast-color has-text-color has-medium-font-size">*Licenciada Prof. Cecilia SILGUEIRO</p>



<p></p>



<p class="has-medium-font-size"><strong>SECRETARIA NIVEL SUPERIOR</strong></p>



<p>* Profesora Silvana ROJAS</p>



<p class="has-medium-font-size"><strong>DIRECTORA DE ESTUDIOS</strong> <strong>NIVEL SUPERIOR</strong></p>



<p class="has-medium-font-size">                                          <strong> DANZAS  y EXPRESIÓN CORPORAL </strong></p>



<p>                        *Licenciada Prof. Ana Rosalía FERNANDEZ </p>



<p class="has-medium-font-size"><strong>                                          TEATRO</strong></p>



<p>                         *Profesora Rosa MELGAREJO</p>
</div></div>



<hr class="wp-block-separator has-alpha-channel-opacity"/>



<p class="has-text-align-center has-medium-font-size" style="text-decoration:underline"> NIVEL BÁSICO</p>



<hr class="wp-block-separator has-alpha-channel-opacity"/>



<p><strong>VICEDIRECTOR</strong>A</p>



<p>*Licenciada Prof. Ana María CASSIET</p>



<p><strong>SECRETARIA NIVEL BÁSICO</strong></p>



<p>*Profesora Rita ARANDA</p>



<p><strong>ASESORA PEDAGÓGICA</strong></p>



<p>-Profesora Patricia FALCON</p>



<p></p>

<p>RECTORA *Licenciada Prof. Cecilia SILGUEIRO SECRETARIA NIVEL SUPERIOR * Profesora Silvana ROJAS DIRECTORA DE ESTUDIOS NIVEL SUPERIOR DANZAS y EXPRESIÓN CORPORAL *Licenciada Prof. Ana Rosalía FERNANDEZ TEATRO *Profesora Rosa MELGAREJO NIVEL BÁSICO VICEDIRECTORA *Licenciada Prof. Ana María CASSIET SECRETARIA NIVEL BÁSICO *Profesora Rita ARANDA ASESORA PEDAGÓGICA -Profesora Patricia FALCON</p>
