{"id":1261,"date":"2022-02-28T10:31:11","date_gmt":"2022-02-28T13:31:11","guid":{"rendered":"https:\/\/isdanza-cha.infd.edu.ar\/sitio\/?page_id=1261"},"modified":"2023-09-25T13:48:01","modified_gmt":"2023-09-25T16:48:01","slug":"revista-digital-educativa-meccyt","status":"publish","type":"page","link":"https:\/\/isdanza-cha.infd.edu.ar\/sitio\/revista-digital-educativa-meccyt\/","title":{"rendered":"REVISTAS DIGITALES"},"content":{"rendered":"\n<ul>\n<li><strong><a href=\"https:\/\/isdanza-cha.infd.edu.ar\/sitio\/revista-pluriverso-meccyt\/\" target=\"_blank\" rel=\"noreferrer noopener\">REVISTA PLURIVERSO &#8211; Ministerio de Educaci\u00f3n, Ciencia y Tecnolog\u00eda de la Provincia de Chaco<\/a><\/strong><\/li>\n<\/ul>\n\n\n\n<ul>\n<li><strong><a href=\"https:\/\/isdanza-cha.infd.edu.ar\/sitio\/revista-la-brujula-del-teatro-y-la-danza\/\" target=\"_blank\" rel=\"noreferrer noopener\">REVISTA LA BR\u00daJULA DE LA DANZA Y EL TEATRO &#8211; Instituto Superior del Profesorado de Educaci\u00f3n Art\u00edstica (ISPEA) Danza y Teatro \u00abMar\u00eda Ang\u00e9lica Pellegrini\u00bb<\/a><\/strong><\/li>\n<\/ul>\n\n\n\n<pre class=\"wp-block-code\"><code><\/code><\/pre>\n\n\n\n<p><\/p>\n\n\n\n<p><\/p>\n","protected":false},"excerpt":{"rendered":"","protected":false},"author":133,"featured_media":0,"parent":0,"menu_order":0,"comment_status":"closed","ping_status":"closed","template":"","meta":[],"acf":[],"_links":{"self":[{"href":"https:\/\/isdanza-cha.infd.edu.ar\/sitio\/wp-json\/wp\/v2\/pages\/1261"}],"collection":[{"href":"https:\/\/isdanza-cha.infd.edu.ar\/sitio\/wp-json\/wp\/v2\/pages"}],"about":[{"href":"https:\/\/isdanza-cha.infd.edu.ar\/sitio\/wp-json\/wp\/v2\/types\/page"}],"author":[{"embeddable":true,"href":"https:\/\/isdanza-cha.infd.edu.ar\/sitio\/wp-json\/wp\/v2\/users\/133"}],"replies":[{"embeddable":true,"href":"https:\/\/isdanza-cha.infd.edu.ar\/sitio\/wp-json\/wp\/v2\/comments?post=1261"}],"version-history":[{"count":11,"href":"https:\/\/isdanza-cha.infd.edu.ar\/sitio\/wp-json\/wp\/v2\/pages\/1261\/revisions"}],"predecessor-version":[{"id":1509,"href":"https:\/\/isdanza-cha.infd.edu.ar\/sitio\/wp-json\/wp\/v2\/pages\/1261\/revisions\/1509"}],"wp:attachment":[{"href":"https:\/\/isdanza-cha.infd.edu.ar\/sitio\/wp-json\/wp\/v2\/media?parent=1261"}],"curies":[{"name":"wp","href":"https:\/\/api.w.org\/{rel}","templated":true}]}}