{"id":1251,"date":"2022-02-28T10:09:50","date_gmt":"2022-02-28T13:09:50","guid":{"rendered":"https:\/\/isdanza-cha.infd.edu.ar\/sitio\/?page_id=1251"},"modified":"2022-05-18T10:34:36","modified_gmt":"2022-05-18T13:34:36","slug":"novedades-del-meccyt","status":"publish","type":"page","link":"https:\/\/isdanza-cha.infd.edu.ar\/sitio\/novedades-del-meccyt\/","title":{"rendered":"NOVEDADES DEL MECCyT"},"content":{"rendered":"\n<p>ORGANIGRAMA MECCyT 2021<a href=\"https:\/\/educacion.chaco.gob.ar\/institucional\/#:~:text=Ministro%20de%20Educaci%C3%B3n,Aldo%20Fabi%C3%A1n%20Lineras\">https:\/\/educacion.chaco.gob.ar\/institucional\/#:~:text=Ministro%20de%20Educaci%C3%B3n,Aldo%20Fabi%C3%A1n%20Lineras<\/a> <\/p>\n\n\n\n<p>FORMACI\u00d3N DOCENTE E INVESTIGACI\u00d3N  EDUCATIVA <\/p>\n\n\n\n<p> <a href=\"https:\/\/educacion.chaco.gob.ar\/subsecretarias\/formacion-docente\/#:~:text=Subsecretario%20de%20Formaci%C3%B3n,Favio%20Rene%20Alvarenga\">https:\/\/educacion.chaco.gob.ar\/subsecretarias\/formacion-docente\/#:~:text=Subsecretario%20de%20Formaci%C3%B3n,Favio%20Rene%20Alvarenga<\/a><\/p>\n\n\n\n<div class=\"wp-block-cover has-pale-cyan-blue-background-color has-background-dim\" style=\"min-height:70px\"><div class=\"wp-block-cover__inner-container\">\n<pre class=\"wp-block-preformatted\"><strong>POSTITULACIONES CON N\u00daMERO DE RESOLUCI\u00d3N MINISTERIAL 2022<\/strong><\/pre>\n\n\n\n<p>Listado de postitulos del a\u00f1o 2022 que estan aprobados por el Ministerio de Educaci\u00f3n, Cultura, Ciencia y Tecnolog\u00eda.<\/p>\n\n\n\n<p>Para m\u00e1s informacion o consultas sobre postitulaciones contactarse al correo electronico oficial de la&nbsp;Direccion de Formacion Docente Continua&nbsp;<a href=\"mailto:meccyt.formacion@chaco.gob.ar\">meccyt.formacion@chaco.gob.ar<\/a><\/p>\n\n\n\n<p>Vea la lista en el siguiente enlace completa haciendo click&nbsp;<a href=\"https:\/\/docs.google.com\/spreadsheets\/d\/e\/2PACX-1vQ2Dc53wkrFNFsG_lMe6G-Nk8pjtHw-a-tCPoIBiDjr8u6ztc2vhcbKoq8IYRkNHQ\/pubhtml\" target=\"_blank\" rel=\"noreferrer noopener\">aqu\u00ed<\/a><\/p>\n<\/div><\/div>\n\n\n\n<p class=\"has-text-align-center\"><\/p>\n\n\n\n<p><\/p>\n","protected":false},"excerpt":{"rendered":"<p>ORGANIGRAMA MECCyT 2021https:\/\/educacion.chaco.gob.ar\/institucional\/#:~:text=Ministro%20de%20Educaci%C3%B3n,Aldo%20Fabi%C3%A1n%20Lineras FORMACI\u00d3N DOCENTE E INVESTIGACI\u00d3N EDUCATIVA https:\/\/educacion.chaco.gob.ar\/subsecretarias\/formacion-docente\/#:~:text=Subsecretario%20de%20Formaci%C3%B3n,Favio%20Rene%20Alvarenga<\/p>\n","protected":false},"author":133,"featured_media":0,"parent":0,"menu_order":0,"comment_status":"closed","ping_status":"closed","template":"","meta":[],"acf":[],"_links":{"self":[{"href":"https:\/\/isdanza-cha.infd.edu.ar\/sitio\/wp-json\/wp\/v2\/pages\/1251"}],"collection":[{"href":"https:\/\/isdanza-cha.infd.edu.ar\/sitio\/wp-json\/wp\/v2\/pages"}],"about":[{"href":"https:\/\/isdanza-cha.infd.edu.ar\/sitio\/wp-json\/wp\/v2\/types\/page"}],"author":[{"embeddable":true,"href":"https:\/\/isdanza-cha.infd.edu.ar\/sitio\/wp-json\/wp\/v2\/users\/133"}],"replies":[{"embeddable":true,"href":"https:\/\/isdanza-cha.infd.edu.ar\/sitio\/wp-json\/wp\/v2\/comments?post=1251"}],"version-history":[{"count":5,"href":"https:\/\/isdanza-cha.infd.edu.ar\/sitio\/wp-json\/wp\/v2\/pages\/1251\/revisions"}],"predecessor-version":[{"id":1315,"href":"https:\/\/isdanza-cha.infd.edu.ar\/sitio\/wp-json\/wp\/v2\/pages\/1251\/revisions\/1315"}],"wp:attachment":[{"href":"https:\/\/isdanza-cha.infd.edu.ar\/sitio\/wp-json\/wp\/v2\/media?parent=1251"}],"curies":[{"name":"wp","href":"https:\/\/api.w.org\/{rel}","templated":true}]}}

<p>ORGANIGRAMA MECCyT 2021<a href="https://educacion.chaco.gob.ar/institucional/#:~:text=Ministro%20de%20Educaci%C3%B3n,Aldo%20Fabi%C3%A1n%20Lineras">https://educacion.chaco.gob.ar/institucional/#:~:text=Ministro%20de%20Educaci%C3%B3n,Aldo%20Fabi%C3%A1n%20Lineras</a> </p>



<p>FORMACIÓN DOCENTE E INVESTIGACIÓN  EDUCATIVA </p>



<p> <a href="https://educacion.chaco.gob.ar/subsecretarias/formacion-docente/#:~:text=Subsecretario%20de%20Formaci%C3%B3n,Favio%20Rene%20Alvarenga">https://educacion.chaco.gob.ar/subsecretarias/formacion-docente/#:~:text=Subsecretario%20de%20Formaci%C3%B3n,Favio%20Rene%20Alvarenga</a></p>



<div class="wp-block-cover has-pale-cyan-blue-background-color has-background-dim" style="min-height:70px"><div class="wp-block-cover__inner-container">
<pre class="wp-block-preformatted"><strong>POSTITULACIONES CON NÚMERO DE RESOLUCIÓN MINISTERIAL 2022</strong></pre>



<p>Listado de postitulos del año 2022 que estan aprobados por el Ministerio de Educación, Cultura, Ciencia y Tecnología.</p>



<p>Para más informacion o consultas sobre postitulaciones contactarse al correo electronico oficial de la&nbsp;Direccion de Formacion Docente Continua&nbsp;<a href="mailto:meccyt.formacion@chaco.gob.ar">meccyt.formacion@chaco.gob.ar</a></p>



<p>Vea la lista en el siguiente enlace completa haciendo click&nbsp;<a href="https://docs.google.com/spreadsheets/d/e/2PACX-1vQ2Dc53wkrFNFsG_lMe6G-Nk8pjtHw-a-tCPoIBiDjr8u6ztc2vhcbKoq8IYRkNHQ/pubhtml" target="_blank" rel="noreferrer noopener">aquí</a></p>
</div></div>



<p class="has-text-align-center"></p>



<p></p>

<p>ORGANIGRAMA MECCyT 2021https://educacion.chaco.gob.ar/institucional/#:~:text=Ministro%20de%20Educaci%C3%B3n,Aldo%20Fabi%C3%A1n%20Lineras FORMACIÓN DOCENTE E INVESTIGACIÓN EDUCATIVA https://educacion.chaco.gob.ar/subsecretarias/formacion-docente/#:~:text=Subsecretario%20de%20Formaci%C3%B3n,Favio%20Rene%20Alvarenga</p>
